) = f**2 - f - 8. Let i be c(0). What are the prime factors of y(i)?
2, 7
Let q be (3 + (-82)/(-4))*2. Suppose m + 12 - q = 0. Suppose i + 11 - m = 0. List the prime factors of i.
2, 3
Let s(j) = -j**3 - j**2 + 10*j + 4. Let z(a) = 2*a**3 + a**2 - 19*a - 8. Let p(g) = -7*s(g) - 4*z(g). What are the prime factors of p(4)?
2, 3
Suppose -2*k + 772 = -2*f, 2096 = 5*k + f + 172. List the prime factors of k.
5, 7, 11
Suppose 0 = -3*x - 145 - 203. Suppose -183*v = -176*v + 28. What are the prime factors of x/(-12) + v/6?
3
Suppose -5*k = -3*k + s - 227, s - 114 = -k. Let o = k + -72. List the prime factors of o.
41
Let i(r) = 2*r + 13. Let v be i(-10). List the prime factors of 646/7 - (-2)/v.
2, 23
Let w(y) = 171*y + 1. Let j be w(2). Suppose -3*f = -b - j, f = -4*b + 2*b + 112. What are the prime factors of f?
2, 3, 19
Suppose -3*a - 24*s + 6324 = -27*s, -4*s = a - 2123. What are the prime factors of a?
2111
Let s(u) = 198*u**2 - 20*u + 4 + 17*u + 111*u**2. What are the prime factors of s(1)?
2, 5, 31
Let y(u) = u**2 - 5*u + 2749. What are the prime factors of y(0)?
2749
Suppose -2*j - j = 0. Let k be (10/(-6))/((-8)/1224). Suppose -3*n + 2*u - 64 + 212 = j, 5*n + 5*u = k. What are the prime factors of n?
2, 5
Suppose 3 = 3*j - 3*b + 12, 4*j + 3*b = 2. Let r be (-1)/(j - 114/(-117)). Suppose -r = -i - 2*i. List the prime factors of i.
13
Let o(b) = 4*b**2 + b. Suppose -f - 23 = -24. What are the prime factors of o(f)?
5
Let i(x) = -39*x - 77. List the prime factors of i(-10).
313
Let t = 11589 - 7899. What are the prime factors of t?
2, 3, 5, 41
Let m(l) = 694*l - 552. List the prime factors of m(5).
2, 1459
Let p = -1566 + 3195. List the prime factors of p.
3, 181
Suppose 5*u + 1293 = 4*g, 0 = 4*g + 2*u + u - 1253. What are the prime factors of g?
317
Suppose 3*t - 3006 = 2388. What are the prime factors of t?
2, 29, 31
Let h(q) = 31*q + 13. Let p be h(7). Suppose -p = -9*f + 103. What are the prime factors of f?
37
Suppose -4 + 6 = -2*m. Let k be (0 - 1)*m*2. Suppose 5*i - i = 0, -i = -k*h + 52. List the prime factors of h.
2, 13
Suppose -4*m + 5 + 16 = -3*j, -j - 2*m - 7 = 0. Let w(n) = 3 - 3*n**3 - 10*n + 4*n**3 + 2*n**2 + 4*n**2. What are the prime factors of w(j)?
2, 3
Let a(q) = -2*q**3 - 2*q**2 + q - 1. Let r be a(-2). Suppose 6*c - 15 = -2*l + 3*c, -2*l = c - r. What are the prime factors of (56 + (l - 2))/2?
3
Suppose -5*t - 2*p + 56 = 0, p + 4*p + 15 = 3*t. Let q(n) = n**2 - 4*n - 1. What are the prime factors of q(t)?
59
Let r = -432 + 671. List the prime factors of r.
239
Suppose -508 = -7*p + 5*p - 3*f, f + 264 = p. What are the prime factors of p?
2, 5, 13
Let h(y) = y**2 - 16*y - 76. What are the prime factors of h(25)?
149
Let i = 159 + -148. What are the prime factors of ((-44)/(-16))/i - (-2670)/8?
2, 167
Let q = 2492 + -1758. What are the prime factors of q?
2, 367
Let r be -3 + (-12)/(-3) + -7. Let u = r - -6. Suppose -z - 4 = u, -2*l + 0*l = -2*z - 18. What are the prime factors of l?
5
Let p(z) = 5 - 15*z + 7*z + z**2 - 2*z. Let x be p(10). Suppose 5*a - j - 131 = 0, a = j + x + 18. What are the prime factors of a?
3
Let w be 2 - -1 - (-24 + 11). Suppose 0 = -f - f + w. Suppose 24 = j - f. List the prime factors of j.
2
Let k(x) = -3*x + 20. Let o be k(6). Let z = 107 - 52. Suppose -o*m = m - 6, 3*m + z = f. What are the prime factors of f?
61
Suppose -m + 5 = -2*o, 5*o + 12 + 4 = -m. What are the prime factors of 126 - (o + 20/5)?
5
Suppose 0 = -0*h + 2*h. Let j be 2*2/(-12)*h. Suppose j*r - 19 = -r. What are the prime factors of r?
19
Suppose 5*w + 14 = -f, -5*w = 2*f + 8 + 15. Let g = f - -9. Suppose -4*j + 0*j + 92 = g. What are the prime factors of j?
23
Let v(s) = 5*s - 4*s + 2*s - 5 + 2 - s**2. Let t be v(3). What are the prime factors of 1/(t/72*-3)?
2
Let z be 2/(-10) + 76/(-20). Let b(c) = c**3 + 7*c**2 + 6*c + 5. Let d be b(z). Suppose -8 = 4*v, -p + 3*v = -5 - d. List the prime factors of p.
2, 7
What are the prime factors of -10 + (-7)/((-49)/26285)?
5, 7, 107
Let m(w) = -w**3 + 6*w**2 + 7*w - 2. Suppose 3*l = 0, -5*j - 69 - 71 = 5*l. Let s be (j/(-12) - 4)*-3. What are the prime factors of m(s)?
2, 29
Let j(t) = t**3 - 2*t**2 - 25*t + 2. Let z be j(6). Suppose 0 = 2*y - 5*y - 5*r - 247, 3*y + 254 = 2*r. What are the prime factors of y/(-35) + z/10?
2
Let p(g) = -3*g**3 + 3*g**2 + 7*g - 7. Let x(b) = 10*b**3 - 8*b**2 - 20*b + 20. Let h(i) = 17*p(i) + 6*x(i). List the prime factors of h(2).
83
Let h = 382 - -568. What are the prime factors of h?
2, 5, 19
What are the prime factors of 325 - (-24)/16*-6?
2, 79
Let z(g) = -g + 8. Let c be z(10). Let y(j) = 17*j - 2. Let h be y(c). What are the prime factors of (-80)/6*h/30?
2
Let b = -1234 + 1859. What are the prime factors of b?
5
Let d(l) = -66*l + 6. List the prime factors of d(-7).
2, 3, 13
Let a = -9 - -11. Suppose 0 = 3*k - 7*k + 20. Suppose -5*i - 39 + 12 = -a*d, -k*i = -d + 1. List the prime factors of d.
2, 13
Let x = 15 - 13. Suppose n + 6 = d, n + 16 = d + x*d. Suppose 0 = -2*q + 2*m + 2*m + 68, -206 = -d*q - 2*m. List the prime factors of q.
2, 5
Suppose 13 = -5*u - 12, -5*u - 45 = -5*d. List the prime factors of 4 + 18/8*d.
13
Let z = -61 + 85. List the prime factors of z.
2, 3
Let y(q) = 10*q**2 - 8*q - 15*q**2 - 15*q**2 - 4*q + 9. Let c(b) = -7*b**2 - 4*b + 3. Let g(s) = 17*c(s) - 6*y(s). List the prime factors of g(3).
2, 3
Let j be (-66)/4*22/33. List the prime factors of j/(-33) - (-502)/6.
2, 3, 7
Let q(c) = 4*c + 10. Let p(b) = b**3 + 6*b**2 - 9*b - 8. Let m be p(-7). List the prime factors of q(m).
2, 17
Let q be -3 + (2 - -1 - -58). Suppose -4*h = -o - q, 0 = -3*o - h - 17 - 92. Let m = o + 74. What are the prime factors of m?
2, 3
Let w(r) = -6*r**3 - 2*r. Let f be w(-3). Let s(o) = -2*o + 26. Let j be s(12). Suppose -j*q = q - f. List the prime factors of q.
2, 7
Suppose 695 + 218 = x. List the prime factors of x.
11, 83
Suppose -3912 = 386*f - 390*f. List the prime factors of f.
2, 3, 163
Let g = -347 - -1041. What are the prime factors of g?
2, 347
Let u = 82 + 83. Suppose u = 13*l - 2*l. What are the prime factors of l?
3, 5
Suppose r = -2*c - 34 - 70, -5*c - 4*r = 263. Suppose 360 = 5*b + 4*p, 2*p = 5*b - 29 - 331. Let h = b + c. List the prime factors of h.
3, 7
Suppose 2*o + 14 = 5*q, q - o - 3 = -2. Suppose -q*y + 7*y = 0. Suppose 0 = 2*b - b - 5*k - 53, -b + 4*k + 53 = y. What are the prime factors of b?
53
Let l(o) = 2*o**2 + 5*o - 77. What are the prime factors of l(15)?
2, 7
Let r(z) = 90*z**2 + 9*z - 2. List the prime factors of r(1).
97
Let k(i) = -2*i + 2. Let n be k(-4). Suppose -2*o = -4*h + 3*h + n, h = -5*o - 18. Suppose h*l - 184 = -2*l. What are the prime factors of l?
2, 23
Suppose -2*f - 4*o + 170 = 0, f + o + 94 = 2*f. Let v = f - 56. List the prime factors of v.
5, 7
Let n = 673 + 324. What are the prime factors of n?
997
Suppose 0*k - 2*k = -2*f + 4, k = -f - 8. Let x be (-2)/f + 7/3. Suppose 1 + 6 = -4*m + 5*r, 0 = 3*m - 3*r + x. List the prime factors of m.
2
Suppose -3*i + 0*i + 15 = 0. Let p = -128 + 298. Suppose 0 = -5*h + 5*a + p, i*h + 4*a - 99 = 53. List the prime factors of h.
2
Let i = 118 + -109. Suppose 0 = -i*t + 1432 + 8. What are the prime factors of t?
2, 5
Let z be 1 - (-2 - (-1)/(-1)). Let x be 6/z*140/(-21). List the prime factors of (-1)/(x/(-46))*-5.
23
Let y = -5 - -763. What are the prime factors of y?
2, 379
Let o = 45 - 79. Let m be 79/(-4) - (51/12)/17. Let h = m - o. What are the prime factors of h?
2, 7
Let b(m) = -37*m - 5. Let i be b(-9). Let d = i - 706. List the prime factors of (2/4)/((-7)/d).
3
Let c(j) = j**2 - 1. Let g(x) = 3*x**3 + 7 - 5*x**3 - 13*x**2 - 6*x + 4*x**2. Let t(u) = 2*c(u) + g(u). List the prime factors of t(-4).
3, 5
Suppose -5*c = -2537 - 8963. List the prime factors of (c/8 + -1)*2/3.
191
Let z = -50 + 54. Suppose -5*n + i = -578, z*i = -0*i + 8. What are the prime factors of n?
2, 29
Suppose 23 = -5*j - m - 12, -3*m = -2*j + 3. Let n be ((-3)/j)/(3/(-60)). What are the prime factors of 4/n - 314/(-10)?
31
Let k(n) = -n**3 + n**2 - n + 27. Suppose 5*b - 25 = 40. Let w(r) = -r**3 + 14*r**2 - 14*r + 13. Let p be w(b). What are the prime factors of k(p)?
3
Let u = 4 - 14. Let i be 3*u/(-6)*5. What are the prime factors of (30/i)/((-3)/(-100))?
2, 5
Let c(a) = -a**2